12 (base 3) in base 5?
-4344
What is 3669a (base 12) in base 14?
1cb42
Convert 3013 (base 4) to base 8.
307
What is 33 (base 11) in base 8?
44
Convert -1c78 (base 15) to base 10.
-6188
What is 12552 (base 7) in base 6?
23333
1604 (base 7) to base 9
782
Convert c39 (base 13) to base 14.
a84
What is -9727 (base 11) in base 8?
-31067
Convert 624 (base 10) to base 5.
4444
Convert -12111110 (base 3) to base 8.
-7650
What is 23110 (base 5) in base 13?
9a4
2145 (base 11) to base 13
139b
-6753 (base 10) to base 14
-2665
Convert 2232 (base 4) to base 16.
ae
What is -10415 (base 7) in base 9?
-3518
Convert 4b3 (base 12) to base 6.
3143
What is -65618 (base 9) in base 13?
-16a63
Convert -1101011 (base 2) to base 9.
-128
45421 (base 6) to base 11
4908
-250b (base 12) to base 5
-113222
What is -1462 (base 14) in base 10?
-3614
1220010 (base 3) to base 5
21010
Convert -9427 (base 15) to base 11.
-21586
What is 7461 (base 8) in base 11?
2a16
Convert -28a32 (base 11) to base 15.
-c300
What is -100120 (base 3) in base 2?
-100000010
Convert 663 (base 8) to base 2.
110110011
Convert -20402 (base 5) to base 12.
-948
What is -79b (base 12) in base 16?
-467
Convert -3b73 (base 12) to base 11.
-5172
Convert -3124 (base 10) to base 11.
-2390
-1211021202 (base 3) to base 11
-24aa4
42003 (base 5) to base 14
1009
-1422 (base 6) to base 7
-1043
Convert 1076 (base 11) to base 14.
730
Convert -121012020 (base 3) to base 16.
-2e1d
What is 122033 (base 4) in base 11?
1297
What is -3414 (base 13) in base 6?
-53420
Convert -10324 (base 5) to base 7.
-2040
1129 (base 13) to base 2
100101100001
100001010101111 (base 2) to base 3
212102021
What is 221 (base 13) in base 12?
265
Convert 6733 (base 11) to base 14.
3337
24a (base 13) to base 12
294
What is -5306 (base 7) in base 3?
-2120012
What is -3861 (base 10) in base 5?
-110421
What is -13b (base 13) in base 8?
-333
-12300 (base 4) to base 10
-432
Convert -4b (base 13) to base 7.
-120
Convert -1ab (base 13) to base 3.
-102111
-711 (base 10) to base 2
-1011000111
-995 (base 10) to base 3
-1100212
Convert -19292 (base 11) to base 14.
-9b7d
Convert -7182 (base 9) to base 4.
-1102022
Convert -8975 (base 10) to base 14.
-33b1
Convert -10222111 (base 3) to base 7.
-11314
What is 127b (base 12) in base 9?
2805
Convert -4115 (base 6) to base 9.
-1222
What is -25aa (base 12) in base 6?
-31534
What is -60 (base 8) in base 16?
-30
What is 33292 (base 11) in base 4?
23302003
-6343 (base 10) to base 8
-14307
Convert 2102110 (base 4) to base 9.
13754
Convert 10a (base 16) to base 15.
12b
10512 (base 9) to base 15
2102
-9198 (base 11) to base 14
-463d
Convert 30678 (base 9) to base 11.
14230
12021121 (base 3) to base 8
7412
1011201022 (base 3) to base 2
101101001010000
Convert -870 (base 16) to base 14.
-b04
What is -1445 (base 6) in base 9?
-472
What is 1144 (base 8) in base 12?
430
Convert -414b (base 13) to base 15.
-2a15
3553 (base 7) to base 13
79c
2584 (base 15) to base 16
1f3f
What is 111144 (base 5) in base 12?
2330
-31486 (base 9) to base 7
-114453
What is 22313120 (base 4) in base 5?
2411004
Convert 100001 (base 2) to base 12.
29
What is 27300 (base 8) in base 15?
382d
38344 (base 10) to base 5
2211334
Convert 111000100 (base 2) to base 6.
2032
What is -670a (base 12) in base 5?
-331021
Convert -102233 (base 4) to base 5.
-14244
Convert -482f (base 16) to base 2.
-100100000101111
-2780 (base 14) to base 8
-15474
What is -1404 (base 5) in base 14?
-125
1045 (base 9) to base 14
3d0
What is -5808 (base 14) in base 8?
-35700
What is 30 (base 16) in base 14?
36
What is 1013 (base 6) in base 7?
441
Convert 3725 (base 11) to base 12.
2997
Convert 2104 (base 5) to base 15.
139
-3165 (base 12) to base 16
-151d
What is 7f6a (base 16) in base 12?
16a62
Convert -212222 (base 3) to base 7.
-1613
Convert -15 (base 8) to base 9.
-14
Convert 22232 (base 6) to base 11.
2383
What is -412111 (base 6) in base 8?
-100153
Convert 1c1 (base 13) to base 5.
2301
What is 25610 (base 7) in base 8?
15242
What is -1533 (base 8) in base 15?
-3c4
-123304 (base 5) to base 4
-1023131
Convert -580 (base 10) to base 13.
-358
What is -55 (base 9) in base 6?
-122
What is 29386 (base 11) in base 4?
22023312
Convert -114102 (base 6) to base 2.
-10011011110110
What is -439 (base 10) in base 9?
-537
-19783 (base 10) to base 14
-72d1
Convert -227 (base 9) to base 14.
-d5
Convert 3120 (base 6) to base 11.
583
Convert -6 (base 15) to base 16.
-6
Convert 144343 (base 5) to base 13.
2aa9
What is 1001112021 (base 3) in base 2?
101000100111101
What is -15441 (base 8) in base 5?
-210240
Convert -858 (base 15) to base 10.
-1883
Convert -1020100 (base 4) to base 11.
-3524
3012022 (base 5) to base 12
23782
1002402 (base 5) to base 10
15977
What is 286c (base 15) in base 14?
3220
Convert 21504 (base 6) to base 11.
2280
What is -1a (base 16) in base 6?
-42
-2221101 (base 5) to base 16
-97f5
What is 1d23 (base 15) in base 8?
14275
b5 (base 13) to base 8
224
Convert -b4 (base 12) to base 4.
-2020
211 (base 9) to base 14
c4
-260 (base 13) to base 7
-1133
Convert 33312 (base 8) to base 14.
517c
Convert -2f14 (base 16) to base 11.
-9067
What is -6416 (base 8) in base 9?
-4523
-2040 (base 7) to base 9
-873
-224052 (base 6) to base 14
-6d20
Convert -2a7 (base 12) to base 16.
-19f
-222022 (base 3) to base 12
-4b2
Convert 16414 (base 13) to base 15.
c891
What is -1210002 (base 3) in base 9?
-1702
What is -47665 (base 9) in base 8?
-76224
-330232 (base 4) to base 7
-14221
1825 (base 9) to base 4
111320
What is -13323 (base 4) in base 6?
-2203
What is 2011424 (base 5) in base 13?
11804
What is -2a7 (base 11) in base 16?
-167
What is 1364 (base 8) in base 4?
23310
Convert -102000 (base 3) to base 5.
-2142
Convert 923 (base 11) to base 2.
10001011010
What is -2244 (base 9) in base 11?
-127a
What is -3d8 (base 15) in base 9?
-1175
-222010 (base 3) to base 5
-10310
What is 2212 (base 3) in base 9?
85
Convert -1318 (base 10) to base 15.
-5cd
What is -21a (base 16) in base 6?
-2254
Convert -1000100101 (base 2) to base 4.
-20211
What is -794 (base 10) in base 15?
-37e
-10100011000 (base 2) to base 4
-110120
What is -1123 (base 8) in base 3?
-211001
Convert -3666 (base 12) to base 16.
-17ee
Convert -696 (base 10) to base 2.
-1010111000
Convert 300a (base 11) to base 6.
30311
What is 1314 (base 6) in base 2?
101001110
What is -11525 (base 6) in base 15?
-78e
What is 632 (base 11) in base 6?
3305
-30 (base 12) to base 8
-44
Convert -76cd (base 14) to base 12.
-ba99
229a (base 12) to base 7
14155
Convert 131 (base 14) to base 13.
155
1231200 (base 4) to base 13
3261
b0a7 (base 15) to base 10
37282
Convert 20c8 (base 16) to base 2.
10000011001000
-1342 (base 8) to base 2
-1011100010
What is 1117 (base 15) in base 10?
3622
Convert 11c6 (base 16) to base 13.
20c0
What is 172 (base 11) in base 12?
148
1110010111100010 (base 2) to base 14
17638
Convert -344 (base 9) to base 5.
-2113
Convert -20120002 (base 3) to base 16.
-12ad
-111265 (base 7) to base 8
-46360
What is 130042 (base 5) in base 11?
3856
-252 (base 14) to base 10
-464
33431 (base 5) to base 3
10020122
What is 3e69 (base 15) in base 4?
3100332
Convert -1057 (base 9) to base 8.
-1415
-664 (base 10) to base 8
-1230
What is 21113112 (base 4) in base 11?
26901
Convert -2342 (base 8) to base 14.
-654
800 (base 16) to base 12
1228
Convert -764 (base 9) to base 11.
-519
Convert -3758 (base 12) to base 10.
-6260
What is -11300 (base 5) in base 11?
-690
What is 2988 (base 10) in base 2?
101110101100
What is -133 (base 13) in base 14?
-111
1131321 (base 4) to base 12
3589
Convert bc92 (base 13) to base 2.
110011011001010
-2201101 (base 3) to base 15
-8c1
Convert -14c3 (base 14) to base 16.
-e73
41301 (base 5) to base 9
3631
What is -100001001110 (base 2) in base 14?
-abc
What is -2e1 (base 15) in base 16?
-295
-362 (base 10) to base 11
-2aa
-1e2 (base 15) to base 16
-1b5
-1244 (base 6) to base 12
-224
What is 3120201 (base 4) in base 16?
3621
-24550 (base 10) to base 9
-36607
36646 (base 7) to base 2
10010101110101
What is 216223 (base 7) in base 10?
38188
Convert 113 (base 13) to base 7.
353
Convert a2 (base 14) to base 6.
354
21211 (base 3) to base 15
e1
Convert 35141 (base 6) to base 5.
130104
Convert -7a9 (base 13) to base 2.
-10100101010
What is 2044 